er when 34 is divided by 18.
16
What is the remainder when 222 is divided by 12?
6
Calculate the remainder when 817 is divided by 39.
37
What is the remainder when 461 is divided by 42?
41
What is the remainder when 328 is divided by 325?
3
What is the remainder when 68 is divided by 26?
16
Calculate the remainder when 202 is divided by 125.
77
Calculate the remainder when 12067 is divided by 170.
167
Calculate the remainder when 372 is divided by 95.
87
What is the remainder when 24 is divided by 10?
4
What is the remainder when 1270 is divided by 624?
22
Calculate the remainder when 11285 is divided by 57.
56
Calculate the remainder when 780 is divided by 9.
6
Calculate the remainder when 810 is divided by 216.
162
Calculate the remainder when 740 is divided by 115.
50
What is the remainder when 563 is divided by 61?
14
What is the remainder when 269 is divided by 39?
35
Calculate the remainder when 268 is divided by 98.
72
What is the remainder when 58 is divided by 22?
14
What is the remainder when 101 is divided by 5?
1
Calculate the remainder when 199 is divided by 91.
17
Calculate the remainder when 552 is divided by 182.
6
Calculate the remainder when 9431 is divided by 262.
261
Calculate the remainder when 42 is divided by 30.
12
Calculate the remainder when 845 is divided by 16.
13
Calculate the remainder when 418 is divided by 47.
42
Calculate the remainder when 824 is divided by 46.
42
Calculate the remainder when 293 is divided by 52.
33
Calculate the remainder when 114 is divided by 105.
9
What is the remainder when 3926 is divided by 7?
6
Calculate the remainder when 36 is divided by 14.
8
What is the remainder when 2697 is divided by 108?
105
Calculate the remainder when 1122 is divided by 25.
22
What is the remainder when 749 is divided by 296?
157
What is the remainder when 736 is divided by 9?
7
What is the remainder when 41 is divided by 32?
9
Calculate the remainder when 602 is divided by 123.
110
Calculate the remainder when 691 is divided by 29.
24
Calculate the remainder when 298 is divided by 22.
12
Calculate the remainder when 324 is divided by 322.
2
What is the remainder when 8781 is divided by 36?
33
Calculate the remainder when 1271 is divided by 629.
13
What is the remainder when 113 is divided by 31?
20
Calculate the remainder when 1215 is divided by 64.
63
Calculate the remainder when 822 is divided by 206.
204
What is the remainder when 6930 is divided by 365?
360
What is the remainder when 1599 is divided by 51?
18
Calculate the remainder when 4355 is divided by 1451.
2
What is the remainder when 4815 is divided by 56?
55
What is the remainder when 491 is divided by 246?
245
What is the remainder when 2729 is divided by 38?
31
What is the remainder when 232 is divided by 123?
109
What is the remainder when 610 is divided by 108?
70
Calculate the remainder when 5431 is divided by 26.
23
What is the remainder when 219 is divided by 13?
11
Calculate the remainder when 35 is divided by 13.
9
Calculate the remainder when 1121 is divided by 6.
5
Calculate the remainder when 4155 is divided by 20.
15
What is the remainder when 467 is divided by 204?
59
What is the remainder when 391 is divided by 21?
13
What is the remainder when 2055 is divided by 7?
4
What is the remainder when 1439 is divided by 37?
33
What is the remainder when 382 is divided by 55?
52
What is the remainder when 440 is divided by 17?
15
Calculate the remainder when 71 is divided by 6.
5
Calculate the remainder when 448 is divided by 86.
18
What is the remainder when 234 is divided by 30?
24
Calculate the remainder when 6158 is divided by 14.
12
What is the remainder when 1008 is divided by 10?
8
Calculate the remainder when 109 is divided by 16.
13
Calculate the remainder when 418 is divided by 159.
100
Calculate the remainder when 122 is divided by 32.
26
Calculate the remainder when 572 is divided by 143.
0
Calculate the remainder when 2131 is divided by 6.
1
What is the remainder when 296 is divided by 100?
96
Calculate the remainder when 906 is divided by 153.
141
What is the remainder when 1900 is divided by 127?
122
What is the remainder when 455 is divided by 66?
59
Calculate the remainder when 1626 is divided by 346.
242
What is the remainder when 232 is divided by 32?
8
What is the remainder when 485 is divided by 18?
17
What is the remainder when 1315 is divided by 45?
10
What is the remainder when 87 is divided by 78?
9
What is the remainder when 2904 is divided by 78?
18
What is the remainder when 87 is divided by 11?
10
What is the remainder when 2723 is divided by 676?
19
Calculate the remainder when 9706 is divided by 73.
70
Calculate the remainder when 2 is divided by 2.
0
What is the remainder when 58 is divided by 30?
28
What is the remainder when 506 is divided by 243?
20
Calculate the remainder when 112 is divided by 49.
14
Calculate the remainder when 331 is divided by 3.
1
What is the remainder when 26 is divided by 22?
4
What is the remainder when 1915 is divided by 15?
10
What is the remainder when 423 is divided by 16?
7
Calculate the remainder when 65 is divided by 26.
13
What is the remainder when 50 is divided by 26?
24
What is the remainder when 9 is divided by 4?
1
What is the remainder when 523 is divided by 23?
17
What is the remainder when 19 is divided by 5?
4
What is the remainder when 38 is divided by 13?
12
What is the remainder when 142 is divided by 85?
57
What is the remainder when 119 is divided by 43?
33
What is the remainder when 166 is divided by 7?
5
Calculate the remainder when 1447 is divided by 4.
3
What is the remainder when 365 is divided by 85?
25
What is the remainder when 351 is divided by 6?
3
Calculate the remainder when 294 is divided by 201.
93
Calculate the remainder when 97 is divided by 2.
1
Calculate the remainder when 16674 is divided by 31.
27
Calculate the remainder when 1509 is divided by 56.
53
Calculate the remainder when 2389 is divided by 13.
10
What is the remainder when 110 is divided by 36?
2
What is the remainder when 137 is divided by 69?
68
What is the remainder when 296 is divided by 95?
11
What is the remainder when 318 is divided by 227?
91
Calculate the remainder when 1119 is divided by 33.
30
What is the remainder when 630 is divided by 22?
14
What is the remainder when 255 is divided by 65?
60
What is the remainder when 6 is divided by 2?
0
What is the remainder when 901 is divided by 87?
31
What is the remainder when 33485 is divided by 364?
361
What is the remainder when 95 is divided by 24?
23
Calculate the remainder when 34 is divided by 13.
8
What is the remainder when 832 is divided by 21?
13
Calculate the remainder when 226 is divided by 133.
93
What is the remainder when 491 is divided by 28?
15
Calculate the remainder when 18284 is divided by 59.
53
What is the remainder when 12809 is divided by 30?
29
Calculate the remainder when 117 is divided by 29.
1
Calculate the remainder when 1383 is divided by 242.
173
What is the remainder when 56 is divided by 19?
18
What is the remainder when 87 is divided by 43?
1
Calculate the remainder when 36 is divided by 17.
2
Calculate the remainder when 9393 is divided by 261.
258
What is the remainder when 103 is divided by 40?
23
Calculate the remainder when 287 is divided by 29.
26
Calculate the remainder when 1025 is divided by 4.
1
What is the remainder when 71 is divided by 20?
11
Calculate the remainder when 336 is divided by 4.
0
What is the remainder when 97 is divided by 13?
6
What is the remainder when 313 is divided by 15?
13
Calculate the remainder when 2068 is divided by 46.
44
Calculate the remainder when 117 is divided by 6.
3
Calculate the remainder when 853 is divided by 169.
8
Calculate the remainder when 974 is divided by 361.
252
What is the remainder when 151 is divided by 36?
7
What is the remainder when 1292 is divided by 72?
68
What is the remainder when 107 is divided by 28?
23
Calculate the remainder when 31 is divided by 21.
10
Calculate the remainder when 96 is divided by 23.
4
What is the remainder when 78 is divided by 20?
18
Calculate the remainder when 394 is divided by 72.
34
Calculate the remainder when 37 is divided by 25.
12
Calculate the remainder when 1149 is divided by 10.
9
Wh